ine x(s).
-55
Let y(u) = 23*u - 6. Suppose -16 = -4*x - 5*n, -x + 29*n - 25*n = -4. Let t(o) = -23*o + 7. Let p(s) = x*t(s) + 5*y(s). Give p(1).
21
Let u = -192 - 540. Let w = u + 741. Let m(n) = n**3 - 9*n**2 - 3*n - 2. Determine m(w).
-29
Let j(r) = r**3 + 6*r**2 - 8*r - 5. Suppose 5*h = 0, 2*h = -3*s + 3*h + 426. Let w = s + -238. Let u = w + 89. Calculate j(u).
2
Let r(j) = -5*j**2 + 209*j + 260. Let g be r(43). Let b(p) = -4*p + 5. Give b(g).
-3
Let t = 60 - 44. Suppose 27*j - 11*j = t. Let g(m) = -38*m + 1. What is g(j)?
-37
Suppose -322 + 2818 = 16*o. Let t = o - 164. Let q(d) = -d**3 - 9*d**2 - 7*d + 4. Determine q(t).
-4
Let a(f) = -f**2 + 4*f + 5. Suppose 3*t + 0*t = w - 3, 5*w = 0. Let x(h) be the first derivative of -3*h**2/2 + 2*h + 1951. Let d be x(t). Give a(d).
0
Let t(v) = v**3 + 26*v**2 - 155*v. Let i be t(5). Let j(l) = -6*l**2 + 5*l + 7. Give j(i).
7
Let c(h) = 11*h - 249. Suppose -3*y + 2*i = -74, -14*i + 20 = -19*i. Let w be c(y). Let v(z) be the third derivative of -z**4/24 - 5*z**3/6 + z**2. Give v(w).
2
Let x(z) be the third derivative of -z**7/336 - z**6/720 - 7*z**5/12 - z**3/3 - 20*z**2 - 5*z. Let h(l) be the third derivative of x(l). Determine h(1).
-16
Let a(l) = 113*l**2 + 1274*l - 39. Let i(y) = -19*y**2 - 212*y + 7. Let s(r) = -2*a(r) - 13*i(r). Give s(-10).
7
Let v(w) = w. Let x be v(-13). Let d = x + 15. Let c(r) = -r**d + 9*r + 1 + 6 + 4 + 2*r**2. Calculate c(-8).
3
Let z(v) be the third derivative of v**4/12 - 2*v**3/3 + 201*v**2 - 2*v. Calculate z(1).
-2
Let f(p) = -59*p - 595. Let u(c) = -1109*c + 5535. Let y be u(5). Give f(y).
-5
Let x(o) be the second derivative of -o**4/12 + 23*o**3/6 - 12*o**2 - 3143*o. What is x(23)?
-24
Let t(o) = -1. Let d = 574 - 576. Let k(g) = -g + 5. Let v(n) = d*t(n) - k(n). Give v(-2).
-5
Suppose -29 = -3*v - 5. Let s(j) be the second derivative of j**4/12 - 5*j**3/6 - 3*j**2/2 - 7*j - 5. Give s(v).
21
Let s = 39370 + -39360. Let w(y) = -y**2 + y + 76. Determine w(s).
-14
Let u(o) = 3*o**3 - 16*o**2 + 3*o + 15. Let b(y) = 592*y + 3557. Let v be b(-6). Calculate u(v).
5
Let g(n) be the third derivative of -11*n**6/120 - n**5/60 + 5*n**4/24 + 5*n**3/6 - 2813*n**2. What is g(-2)?
79
Let x(g) be the third derivative of g**5/60 - 3*g**4/8 + 5*g**3/3 - 1091*g**2. What is x(12)?
46
Let k(t) = -t**3 + 8*t**2 + 13*t - 15. Let n be k(9). Let b(i) = -i**3 + 21*i**2 - i + 24. Let s be b(n). Let l(x) = x - 4. Calculate l(s).
-1
Let q = 832 + -826. Let f(u) = u**3 - 5*u**2 - 8*u - 12. Give f(q).
-24
Let a(i) = -i**3 + 2*i**2 + 4*i + 1. Let g(q) = 11*q**3 + 12*q**2 - 9*q - 75. Let s(p) = -12*a(p) - g(p). Determine s(37).
-11
Let b(m) = -13*m + 120. Let s be b(9). Let q(o) = -14*o**3 + 12*o**2 + 6*o**3 - 2*o + 17 + 2*o**s + 5*o**3. Give q(12).
-7
Let k = 16 - 12. Let g(z) = 8 - k - 8*z + 0 - 7. Suppose 5*n - 5*h - 25 = -10, 5*n + 35 = -5*h. What is g(n)?
13
Suppose 3*b = 5*b + 22. Let m(c) = -c**2 - 5*c + 1. Let f(d) = -d**3 - 17*d**2 - 25*d - 6. Let w(g) = -f(g) + 7*m(g). Give w(b).
2
Let z(u) be the second derivative of -u**5/10 + u**4/2 + 13*u**3/3 - 27*u**2/2 - 8150*u. Determine z(5).
3
Suppose -45 + 4 - 71 = -16*q. Let c(x) = -4*x + 19. Determine c(q).
-9
Let a(j) = j + 1. Let r(t) = 14*t + 69. Let v(h) = a(h) - r(h). Give v(-5).
-3
Let d = -11 + 10. Let j(h) = -h - 1. Let o(l) be the first derivative of -l**4/4 - 2*l**3 - 4*l**2 - 5*l + 44. Let r(v) = d*o(v) + 4*j(v). Determine r(-5).
6
Let u(m) be the first derivative of 8*m**2 + 9*m + 270. Let g(q) = -14*q - 6. Let c(l) = -5*g(l) - 4*u(l). What is c(4)?
18
Suppose -3*w = -2*w. Suppose -15*m + 2*m + 65 = 0. Suppose 4*a - u - 9 = -a, -m*a - 3*u + 13 = w. Let q(g) = -g**3 + g**2 + g - 1. Give q(a).
-3
Let r(u) = u**3 - 3*u**2 + 2*u - 1. Let l(m) be the second derivative of m**4/4 + 5*m**3/6 + 2*m**2 + 14*m. Let w be l(-1). Determine r(w).
-1
Let v(y) = 7*y**2 + 205*y + 65. Let h be v(-29). Let b(g) = g**3 - 6*g**2 - 4*g + 9. What is b(h)?
30
Suppose 6*y - 3*y = 3*q - 21, 12 = q - 2*y. Let x be (-2)/7 - 20/28. Let r(v) = 1. Let d(k) = -k + 1. Let j(t) = x*d(t) - 3*r(t). What is j(q)?
-2
Let t be 33/(-7) - (-20)/(-70) - -7. Let h(c) = -53 + 3*c - 3*c**2 + 8*c**2 - c**3 + 22 + 28 - 2*c**t. Give h(2).
7
Suppose 192*o - 18 = 183*o. Let i(r) = -r**3 - 7*r**2 + 1 + 3*r**2 - o - 4*r. Determine i(-1).
0
Let g(b) = b**3 - 26*b**2 + 2. Let p be g(26). Suppose 63 = -13*o - p. Let j be (2/(-6))/(o/30) + -11. Let c(i) = i**2 + 11*i + 9. Determine c(j).
-9
Let u(g) = -7*g + 70. Suppose -2*z + 4*w + 18 = 0, 3*w = -5*z + 4*z + 9. What is u(z)?
7
Let o(y) = -16*y + 661. Let g(r) = -2*r + 92. Let d(v) = 15*g(v) - 2*o(v). Determine d(25).
108
Let p be (-42)/(3 - 10) + 7. Let q(f) = -3*f - 21. Let v(n) = -n - 3. Let w(d) = -q(d) + 4*v(d). Determine w(p).
-4
Suppose -31*z - 56 + 60 = -120. Let j(v) be the first derivative of -3*v - 2 + 1/3*v**3 - 3/2*v**2. What is j(z)?
1
Let f(h) be the second derivative of 0 - 61*h - 3/2*h**2 + 1/6*h**3. Calculate f(-9).
-12
Let z(b) = b**3 + 14*b**2 + 13*b + 3. Suppose 27 = 4*a + 7. Suppose a*f = -4*h - 62, -h = -0*h - 3*f + 7. What is z(h)?
3
Let w(u) = -71*u - 494. Let l be w(-7). Let a(r) = -r**2 - 6*r + 14. Determine a(l).
-13
Let y be 40/(-30)*(-6)/(-2). Let m be 0*(6/y + 2). Let d(o) = -o - 8. Give d(m).
-8
Let u(f) = f**2 + 13*f + 32. Let j = -6935 + 6923. Determine u(j).
20
Let y(b) = -b**3 + 27*b**2 - 27*b + 30. Let n be y(26). Let u(f) = -f**2 + 9*f + 2. Let c(g) = 1. Let x(o) = n*c(o) + u(o). What is x(10)?
-4
Let g(s) = s**3 + 3*s**2 + 4*s + 2. Let f(b) = 3*b - 15. Let u be f(6). Suppose -u*a = -a - 4. Suppose 10 = -4*q - a. Calculate g(q).
-10
Let h(x) = -53*x + 24*x + 14*x + 14*x + 13. Give h(14).
-1
Let z = -2009 + 2021. Let c(j) = -11*j**3 - j**3 - j + 10 + 11*j**3 + 12*j**2. What is c(z)?
-2
Let v(t) = 415*t**2 + 54*t + 58 - 140*t**2 - 129*t**2 - 149*t**2. Give v(19).
1
Let t(q) = -3*q**2 + 33*q - 1. Suppose -100*s + 1561 = 461. Give t(s).
-1
Let r(w) = 9*w - 12. Let l(f) = -16*f + 24. Let s(x) = 5*l(x) + 9*r(x). Let m = 8 + -9. Let j be m*(2/2 - 1). What is s(j)?
12
Let m = -5 + 4. Let h(s) be the first derivative of s - 8/3*s**3 - 17 + 1/2*s**2. Give h(m).
-8
Let g(c) = 17*c**2 + 9*c + 15. Let w(l) = -55*l**2 - 27*l - 45. Let s(q) = 16*g(q) + 5*w(q). Give s(7).
-69
Let q(d) be the first derivative of d**4/4 - 10*d**3/3 - 15*d**2/2 - 12*d + 2836. What is q(12)?
96
Suppose -3*t = 2*z - 68, -2*t - 4*z + 47 = -9. Let r = t - 17. Let b(w) = -8 + 4*w**3 + 5*w**2 + r*w**2 - 5*w**3. Give b(8).
-8
Let k(v) be the first derivative of -v**3/3 + 4*v**2 - 12*v + 1246. What is k(2)?
0
Suppose 2*r - 8 = -2*k, r + 1468*k = 1472*k - 21. Let c(p) = 7*p**3 + 2*p**2 - p - 2. Calculate c(r).
-6
Suppose -3*w = 2*w + 20. Let n be (-7)/w - 12/16. Let a(h) = -11*h**2 - h - 1. Let j(g) = 23*g**2 + 3*g + 2. Let l(i) = -5*a(i) - 2*j(i). What is l(n)?
9
Suppose m = 5*h - 9, 5*h - 3*m = 7*h - 7. Let n(g) be the third derivative of 0*g + 1/24*g**4 + 12*g**h + 0 + 13/6*g**3. Give n(-10).
3
Let s = -4419 - -4424. Let b(h) = -h**3 + 5*h**2 - 9*h + 12. Give b(s).
-33
Let a be -2 + -3 - -2*1. Suppose 0 = 5*t + 4*r - 7, 5*t + 2*r - 1 = -0. Let b(m) = 2*m**2 + 2*m - 9. Let h(q) = 1. Let g(f) = t*b(f) - 6*h(f). Give g(a).
-9
Let h(l) = -4*l**3 - 11*l**2 - 13*l + 6. Let d(a) = -11*a**3 - 31*a**2 - 37*a + 13. Let i(r) = -3*d(r) + 8*h(r). Determine i(-4).
-3
Let s(y) = -y**3 + 3*y**2 + 17*y - 7. Let p be (-6*11*18/99)/(-2). Calculate s(p).
-13
Let v(z) = -107*z - 75*z + 2 + 249*z + 2*z**2 - 70*z. Suppose -2*a = l + 9, 0*a = 2*l - 4*a - 22. Determine v(l).
1
Let p(r) be the third derivative of -r**6/120 + 5*r**5/12 + r**4/12 - 17*r**3/6 - 9777*r**2. Determine p(25).
33
Suppose -84 = -69*c + 62*c. Let i(x) = 5*x**2 - 13*x + 14. Let u(p) = -p**2 - 1. Let y(s) = -i(s) - 4*u(s). Calculate y(c).
2
Suppose 5 + 30 = -7*o. Let i(a) = -1. Let r(d) = -d**2 - 5*d - 6. Let m = 12 - 13. Let f(k) = m*r(k) + 6*i(k). Calculate f(o).
0
Suppose -463*d = -461*d - 8. Let z(g) = -2*g**3 + 6*g**2 - 8*g + 5. Let y(t) = -3*t**3 + 6*t**2 - 8*t + 7. Let a(s) = d*z(s) - 3*y(s). What is a(-7)?
6
Let n(l) = l**2 + 2*l - 7. Let v be 1 + (-1 - 0) - (6 - 2). Let t be (469/70*5)/(2/v). Let p = -72 - t. Calculate n(p).
8
Let a(h) be the third derivative of h**5/60 + 9*h**4